247. Give m(-23).
-328
Let k(a) = -a**2 - 34*a - 123. Calculate k(-30).
-3
Let m(l) = 3*l**2 + 108*l + 140. Give m(-34).
-64
Let n(a) = 36*a + 1798. Give n(-50).
-2
Let p(r) = 8*r**2 + 369*r - 422. Calculate p(-47).
-93
Let g(c) = -3*c**3 - 73*c**2 + 132*c + 59. Determine g(-26).
7
Let t(v) = 119*v + 754. Calculate t(-6).
40
Let y(t) = 2*t**2 - 27*t - 52. Determine y(24).
452
Let x(j) = j**3 - 21*j**2 - 123*j - 185. Calculate x(26).
-3
Let m(f) = 60*f**2 - 128*f + 7. Determine m(2).
-9
Let q(v) = -119*v - 2156. Give q(-18).
-14
Let j(z) = -358*z**2 + 2137*z + 29. What is j(6)?
-37
Let w(d) = 17*d + 1194. Determine w(-70).
4
Let j(g) = -2*g - 123. What is j(-86)?
49
Let i(l) = l**2 - 821*l + 17601. Determine i(22).
23
Let y(g) = 21*g**2 - 160*g + 26. Give y(8).
90
Let k(v) = v**2 + 6*v - 463. Give k(0).
-463
Let o(x) = 55*x**2 + 603*x - 6. What is o(-11)?
16
Let m(z) = -z**2 - 178*z - 7857. What is m(-80)?
-17
Let q(y) = -y**2 - 108*y + 2112. Calculate q(17).
-13
Let f(j) = -2*j**2 - 13*j - 55. What is f(-11)?
-154
Let p(c) = -1303*c + 113356. What is p(87)?
-5
Let i(f) = -f**3 - 17*f**2 - 55*f + 47. What is i(-12)?
-13
Let t(w) = -5522*w - 10. Calculate t(0).
-10
Let o(n) = 3*n**3 - 6*n**2 + 20*n - 9. What is o(2)?
31
Let w(j) = -2*j**2 + 23*j + 278. Calculate w(-12).
-286
Let s(c) = c**3 - 13*c**2 - 4*c - 10. What is s(13)?
-62
Let i(q) = 4152*q + 323861. What is i(-78)?
5
Let c(i) = i**3 + 16*i**2 + 30*i + 49. What is c(-14)?
21
Let c(r) = r**2 - 158*r + 1093. Calculate c(7).
36
Let p(f) = 122*f + 1077. What is p(-9)?
-21
Let w(c) = -2*c**3 + 87*c**2 + 47*c - 58. Determine w(44).
74
Let z(l) = -4*l**2 + 6*l - 10. Give z(-3).
-64
Let p(x) = 30*x + 132. Determine p(-5).
-18
Let m(a) = 217*a + 8389. Give m(-39).
-74
Let f(i) = -14*i**2 + 127*i + 293. What is f(11)?
-4
Let r(t) = -4*t**2 + 11*t + 21. Determine r(6).
-57
Let x(r) = 47*r + 2. Give x(1).
49
Let p(c) = c**3 + 16*c**2 - 264. Calculate p(-15).
-39
Let o(n) = -6*n + 184. Determine o(11).
118
Let a(j) = 9*j**2 - 18*j + 6. What is a(4)?
78
Let g(h) = h**3 - 14*h**2 - 17*h + 16. Calculate g(15).
-14
Let w(y) = -2*y**2 - 40*y - 14. Determine w(-20).
-14
Let u(t) = -t**3 - 3*t**2 + 24*t - 116. What is u(6)?
-296
Let x(d) = 195*d - 15020. Determine x(77).
-5
Let j(m) = 21*m + 1217. Give j(-60).
-43
Let q(t) = t**3 - 3*t**2 - 130*t + 119. Determine q(12).
-145
Let g(w) = w**3 - 42*w**2 + 35*w + 298. What is g(41)?
52
Let n(x) = x**3 + 6*x**2 + 10*x + 33. Calculate n(-5).
8
Let i(b) = -b**3 + 25*b**2 + 28*b - 43. What is i(26)?
9
Let y(b) = -9*b**2 - 5*b - 3. What is y(-1)?
-7
Let x(w) = 3*w**3 - 17*w**2 - 11*w + 30. Calculate x(6).
0
Let r(s) = -243*s - 20165. Calculate r(-83).
4
Let j(h) = -3121*h - 6. What is j(0)?
-6
Let u(s) = -35*s**2 + 1261*s - 42. Determine u(36).
-6
Let c(t) = -t**2 - 2*t + 3977. Give c(62).
9
Let l(n) = -154*n + 955. Determine l(6).
31
Let f(c) = -23*c**2 + 30*c + 32. Calculate f(-1).
-21
Let f(n) = 2*n**2 - 21*n - 539. What is f(-12)?
1
Let m(c) = 128*c - 409. Calculate m(3).
-25
Let o(q) = 7*q**2 - 46*q - 7. What is o(6)?
-31
Let z(o) = o**3 + 8*o**2 - 89*o - 80. Determine z(-14).
-10
Let b(t) = -t**3 + 41*t**2 - 113*t - 72. Give b(38).
-34
Let h(k) = 248*k**3 - 9*k**2 - 9*k. What is h(-1)?
-248
Let u(n) = -n**2 - 225*n + 4373. Determine u(18).
-1
Let k(u) = -u**3 + 14*u**2 - 4*u - 12. Determine k(14).
-68
Let b(i) = 8*i**2 - 96*i - 194. Calculate b(-2).
30
Let y(r) = -698*r - 12554. Give y(-18).
10
Let q(w) = 998*w - 7986. What is q(8)?
-2
Let a(j) = -j**2 + 52*j + 63. Calculate a(53).
10
Let t(a) = -3633*a + 21821. Calculate t(6).
23
Let n(q) = q**3 + 7*q**2 - 79*q + 10. Calculate n(6).
4
Let z(n) = 396*n - 4821. Determine z(12).
-69
Let l(y) = -y**3 - 48*y**2 + 150*y - 146. Give l(-51).
7
Let c(q) = 9*q + 96. Calculate c(-5).
51
Let a(i) = i**3 - 15*i**2 + 30*i - 65. What is a(13)?
-13
Let t(p) = -p**3 + 18*p**2 - 28*p + 183. Determine t(17).
-4
Let q(z) = z**3 + 27*z**2 - 19*z + 174. Calculate q(-28).
-78
Let n(a) = 40*a**2 + 44*a - 1715. What is n(6)?
-11
Let r(v) = -80*v + 447. What is r(4)?
127
Let q(y) = 416*y + 14108. Determine q(-34).
-36
Let l(u) = -2*u**3 - 3*u**2 + 564*u + 1133. Determine l(-2).
9
Let d(x) = 4*x**3 + 55*x**2 + 43*x - 16. Determine d(-13).
-68
Let y(u) = 69*u + 3170. Determine y(-46).
-4
Let n(s) = 7*s**2 + 133*s - 185. What is n(-20)?
-45
Let l(a) = -111*a - 549. Give l(-5).
6
Let g(j) = 135*j - 15392. What is g(114)?
-2
Let v(p) = -2*p**3 - 30*p**2 - 27*p - 52. Calculate v(-14).
-66
Let b(f) = f**3 + 25*f**2 - 28*f - 74. Give b(-26).
-22
Let c(w) = w**3 - 151*w**2 - 159*w + 1063. Give c(152).
-1
Let x(h) = h**3 + 35*h**2 - 38*h - 48. Calculate x(-36).
24
Let w(i) = -2*i**3 - 6*i**2 + 29*i - 10. Determine w(3).
-31
Let n(q) = q**2 - 2*q - 21. Determine n(16).
203
Let c(r) = 16*r**2 - 130*r + 2. Give c(8).
-14
Let o(w) = -13*w - 349. What is o(-44)?
223
Let f(g) = 207*g + 213. Determine f(-1).
6
Let m(w) = 185*w - 5365. Give m(29).
0
Let g(c) = 55*c + 89. Determine g(-3).
-76
Let x(b) = b**3 + 26*b**2 - 1200*b - 5. Determine x(24).
-5
Let n(m) = -26*m**2 - 29*m + 43. What is n(1)?
-12
Let z(d) = -6*d**2 - 105*d - 161. Determine z(-16).
-17
Let r(g) = -g**2 + 15*g + 6. Determine r(7).
62
Let a(y) = -24*y - 640. Calculate a(-19).
-184
Let y(v) = 80*v - 118. Determine y(3).
122
Let i(a) = a**2 - 16*a - 1288. What is i(45)?
17
Let g(h) = h - 6. Determine g(9).
3
Let b(p) = -121*p - 15721. What is b(-130)?
9
Let x(p) = -p**3 + 8*p**2 - 736*p + 2869. Determine x(4).
-11
Let w(y) = -226*y + 443. Determine w(2).
-9
Let w(k) = k**3 - 35*k**2 + 35*k - 54. Determine w(34).
-20
Let p(l) = -6*l**2 + 7*l + 123. Determine p(-8).
-317
Let p(y) = y**3 + 8*y**2 + 4*y - 12. Calculate p(0).
-12
Let f(v) = v**3 + 15*v**2 - 547*v + 10. What is f(-32)?
106
Let f(p) = p**3 - 18*p**2 + 46*p + 142. What is f(15)?
157
Let x(r) = -5*r**2 + 1463*r - 2312. Give x(291).
16
Let d(l) = -l**2 + 452*l + 3211. Determine d(-7).
-2
Let x(n) = 2*n**3 - 21*n**2 + 12*n - 248. What is x(11)?
5
Let d(f) = f**3 + 24*f**2 + 24*f - 110. Calculate d(-23).
-133
Let z(k) = k**3 - 6*k**2 - 2105*k + 10549. Give z(5).
-1
Let w(r) = r**3 + 8*r**2 - 53*r + 154. What is w(-13)?
-2
Let h(g) = 7*g**2 - 425*g + 3016. What is h(8)?
64
Let j(q) = q**2 + 3527*q - 10586. Calculate j(3).
4
Let m(l) = 13*l - 60. Determine m(-6).
-138
Let g(d) = 2*d**2 - 22*d - 5. Give g(8).
-53
Let h(p) = p**3 - 3*p**2 - 32*p - 190. Give h(9).
8
Let k(u) = -3492*u - 13972. Give k(-4).
-4
Let y(n) = 29*n**2 - 207*n + 12. Determine y(6).
-186
Let z(k) = -10*k**2 + 123*k - 234. What is z(10)?
-4
Let l(o) = -13*o + 20. Give l(-8).
124
Let o(r) = 28*r + 3711. Determine o(-134).
-41
Let q(k) = 10*k - 151. Calculate q(4).
-111
Let u(d) = 11*d - 621. Give u(58).
17
Let a(o) = -122*o - 1274. Give a(-11).
68
Let m(q) = -9*q**3 + 65*q**2 - 18*q + 14. What is m(7)?
-14
Let u(p) = 88*p + 38. Give u(1).
126
Let h(p) = -9*p + 358. What is h(41)?
-11
Let v(y) = -13*y - 172. Give v(-13).
-3
Let w(y) = -106*y - 21906. Determine w(-207).
36
Let f(x) = 235*x**2 - 13631*x + 61. Calculate f(58).
3
Let j(u) = -21*u**2 + 1427*u + 16. What is j(68)?
-52
Let g(m) = -m**3 + 52*m**2 - 71*m - 60. Calculate g(51).
-1080
Let f(a) = -4*a**2 + 405*a - 806. Calculate f(2).
-12
Let h(w) = 5*w + 143. Give h(41).
348
Let p(o) = -3*o**2 - 26*o + 109. Determine p(-12).
-11
Let y(k) = -1954*k + 46907. Give y(24).
11
Let n(t) = -t**3 - 63*t**2 - 59*t + 188. What is n(-62)?
2
Let o(j) = 115*j - 8. What is o(-1)?
-123
Let a(r) = -2*r**3 + 3*r**2 + 2*r - 2. What is a(-4)?
166
Let g(y) = 7*y**2 + 317*y + 613. Give g(-2).
7
Let w(u) = 2*u**2 - 152*u - 307. What is w(78)?
5
Let u(r) = 2*r**3 + 8*r**2 - 13*r - 8. What is u(-7)?
-211
Let x(n) = -n + 40. Calculate x(63).
-23
Let o(i) = -192*i**2 + 2880*i + 8. Determine o(15).
8
Let b(k) = -k**3 - 62*k**2 - 74*k - 757. Give b(-61).
36
Let y(h) = -h**2 - 62*h + 325. Determine y(6).
-83
Let s(f) = 24*f - 82. What is s(27)?
566
Let u(q) = -q**3 - 19*q**2 - 83*q - 41. What is u(-6)?
-11
Let s(r) = -r**2 - 2*r - 9. Give s(-4).
-17
Let m(i) = 15*i**3 - 12*i - 46. Calculate m(-3).
-415
Let y(c) = c**3 + 21*c**2 - 1448*c + 40. Calculate y(-50).
-60
Let z(w) = -w**2 - 108*w - 2684. Calculate z(-40).
36
Let g(b) = 2518*b